ime factors of 634339?
61, 10399
List the prime factors of 7595707.
7, 1085101
What are the prime factors of 5379051?
3, 1793017
What are the prime factors of 1229612?
2, 73, 4211
List the prime factors of 435661.
435661
List the prime factors of 19313907.
3, 6437969
List the prime factors of 22652773.
11, 13, 14401
What are the prime factors of 26163?
3, 17, 19
What are the prime factors of 28633?
11, 19, 137
List the prime factors of 9370.
2, 5, 937
What are the prime factors of 4005198?
2, 3, 222511
List the prime factors of 1749693.
3, 11, 37, 1433
List the prime factors of 1535907.
3, 37, 101, 137
List the prime factors of 186274.
2, 11, 8467
What are the prime factors of 2741650?
2, 5, 54833
List the prime factors of 921551.
953, 967
List the prime factors of 2427593.
7, 241, 1439
List the prime factors of 265890.
2, 3, 5, 8863
List the prime factors of 3625455.
3, 5, 263, 919
What are the prime factors of 13718763?
3, 43, 35449
What are the prime factors of 140931?
3, 7, 2237
What are the prime factors of 982404?
2, 3, 29, 941
List the prime factors of 2359821.
3, 17, 46271
What are the prime factors of 2097407?
13, 161339
List the prime factors of 3039492.
2, 3, 241, 1051
What are the prime factors of 3941870?
2, 5, 394187
What are the prime factors of 1492873?
1492873
What are the prime factors of 1089257?
13, 23, 3643
List the prime factors of 1835395.
5, 331, 1109
What are the prime factors of 25121567?
107, 234781
What are the prime factors of 104650?
2, 5, 7, 13, 23
List the prime factors of 1983466.
2, 991733
What are the prime factors of 12144230?
2, 5, 7, 19, 23, 397
What are the prime factors of 9827840?
2, 5, 11, 349
List the prime factors of 9225165.
3, 5, 19, 32369
List the prime factors of 3180583.
7, 53, 8573
List the prime factors of 677308.
2, 169327
List the prime factors of 184803.
3, 229, 269
What are the prime factors of 720683?
720683
List the prime factors of 414664.
2, 17, 3049
List the prime factors of 3740543.
67, 55829
What are the prime factors of 16341?
3, 13, 419
What are the prime factors of 9940890?
2, 3, 5, 229, 1447
What are the prime factors of 11850993?
3, 7, 11, 349
What are the prime factors of 1215777?
3, 181, 2239
List the prime factors of 8673162.
2, 3, 17, 23, 3697
List the prime factors of 1873278.
2, 3, 11, 9461
What are the prime factors of 1456406?
2, 7, 23, 4523
List the prime factors of 34258.
2, 7, 2447
List the prime factors of 5107805.
5, 1021561
List the prime factors of 2630056.
2, 11, 13, 19
What are the prime factors of 943450?
2, 5, 18869
List the prime factors of 346565.
5, 69313
List the prime factors of 163973.
163973
List the prime factors of 3064984.
2, 13, 2267
List the prime factors of 4443294.
2, 3, 740549
What are the prime factors of 325510?
2, 5, 43, 757
What are the prime factors of 16444380?
2, 3, 5, 61, 4493
List the prime factors of 1445374.
2, 7, 17, 6073
What are the prime factors of 1052596?
2, 79, 3331
List the prime factors of 4547536.
2, 7, 19, 2137
What are the prime factors of 50153?
50153
What are the prime factors of 14026307?
14026307
What are the prime factors of 837857?
227, 3691
List the prime factors of 1474758.
2, 3, 81931
What are the prime factors of 3321892?
2, 7, 29, 4091
What are the prime factors of 837186?
2, 3, 7, 31, 643
List the prime factors of 618574.
2, 11, 31, 907
What are the prime factors of 594521?
594521
What are the prime factors of 5355952?
2, 7, 17, 29, 97
What are the prime factors of 94715?
5, 19, 997
What are the prime factors of 3538041?
3, 13, 83, 1093
List the prime factors of 8475934.
2, 4237967
What are the prime factors of 9624828?
2, 3, 311, 2579
What are the prime factors of 12145621?
2357, 5153
What are the prime factors of 1491465?
3, 5, 99431
List the prime factors of 65535.
3, 5, 17, 257
What are the prime factors of 142531?
23, 6197
List the prime factors of 7664271.
3, 2554757
List the prime factors of 8556244.
2, 127, 16843
List the prime factors of 1529304.
2, 3, 7, 9103
What are the prime factors of 12212800?
2, 5, 17, 449
What are the prime factors of 20385588?
2, 3, 1698799
What are the prime factors of 3466048?
2, 31, 1747
List the prime factors of 2615138.
2, 239, 5471
What are the prime factors of 466907?
7, 66701
List the prime factors of 1596481.
59, 27059
List the prime factors of 223111.
7, 31873
List the prime factors of 636235.
5, 127247
List the prime factors of 81493.
227, 359
What are the prime factors of 174847?
53, 3299
List the prime factors of 938050.
2, 5, 73, 257
List the prime factors of 4032738.
2, 3, 224041
What are the prime factors of 1547134?
2, 773567
What are the prime factors of 226102?
2, 113051
List the prime factors of 1078031.
1078031
List the prime factors of 7874607.
3, 13, 19, 10627
What are the prime factors of 1733301?
3, 29, 229
What are the prime factors of 961147?
11, 23, 29, 131
What are the prime factors of 204985?
5, 11, 3727
List the prime factors of 2945467.
7, 420781
What are the prime factors of 22102098?
2, 3, 37, 99559
What are the prime factors of 9507288?
2, 3, 7, 56591
What are the prime factors of 992167?
11, 90197
What are the prime factors of 3761226?
2, 3, 7, 29851
List the prime factors of 25029086.
2, 283, 44221
List the prime factors of 209732.
2, 52433
List the prime factors of 8822514.
2, 3, 1470419
What are the prime factors of 2530992?
2, 3, 67, 787
List the prime factors of 70708.
2, 11, 1607
What are the prime factors of 26479642?
2, 7, 17, 31, 37, 97
What are the prime factors of 242064?
2, 3, 41
List the prime factors of 4484632.
2, 23, 24373
What are the prime factors of 14852223?
3, 173, 9539
List the prime factors of 130718.
2, 7, 9337
What are the prime factors of 209076?
2, 3, 7, 19, 131
What are the prime factors of 1779788?
2, 29, 67, 229
List the prime factors of 955221.
3, 318407
What are the prime factors of 215618?
2, 13, 8293
What are the prime factors of 606411?
3, 13, 71, 73
List the prime factors of 286274.
2, 143137
List the prime factors of 90445.
5, 18089
What are the prime factors of 498857?
498857
What are the prime factors of 111622?
2, 7, 17, 67
What are the prime factors of 21143733?
3, 13, 17, 31891
What are the prime factors of 10792406?
2, 5396203
What are the prime factors of 29620794?
2, 3, 7, 37, 389
What are the prime factors of 1911568?
2, 37, 3229
List the prime factors of 255053.
255053
What are the prime factors of 115228?
2, 28807
What are the prime factors of 41215689?
3, 59, 25873
List the prime factors of 180036.
2, 3, 1667
What are the prime factors of 601860?
2, 3, 5, 7, 1433
List the prime factors of 286893.
3, 127, 251
List the prime factors of 2028371.
2028371
What are the prime factors of 145463?
145463
List the prime factors of 30307048.
2, 67, 56543
List the prime factors of 3007415.
5, 19, 31657
What are the prime factors of 518777?
7, 37, 2003
List the prime factors of 1519145.
5, 19, 15991
What are the prime factors of 23826916?
2, 421, 14149
List the prime factors of 27193390.
2, 5, 7, 388477
List the prime factors of 889100.
2, 5, 17, 523
List the prime factors of 10895619.
3, 7, 29, 17891
List the prime factors of 11965321.
11965321
List the prime factors of 388641.
3, 11, 11777
What are the prime factors of 5528763?
3, 23, 29, 307
What are the prime factors of 868974?
2, 3, 144829
What are the prime factors of 148594?
2, 74297
What are the prime factors of 6725780?
2, 5, 523, 643
What are the prime factors of 1183047?
3, 17, 23197
List the prime factors of 149194.
2, 74597
What are the prime factors of 373113?
3, 13, 1063
What are the prime factors of 13076?
2, 7, 467
What are the prime factors of 368666?
2, 184333
List the prime factors of 3945014.
2, 37, 89, 599
List the prime factors of 554481.
3, 61609
What are the prime factors of 759569?
759569
What are the prime factors of 1647590?
2, 5, 7, 23537
What are the prime factors of 6019213?
67, 89839
List the prime factors of 820522.
2, 17, 24133
What are the prime factors of 17342982?
2, 3, 963499
What are the prime factors of 2211012?
2, 3, 61417
What are the prime factors of 817588?
2, 204397
List the prime factors of 9395268.
2, 3, 83, 9433
What are the prime factors of 4651030?
2, 5, 17, 109, 251
What are the prime factors of 72365